 the greatest common divisor of 92 and 149132?
92
What is the greatest common divisor of 1400 and 463750?
350
What is the highest common factor of 342 and 318?
6
What is the greatest common divisor of 784 and 104734?
14
What is the greatest common factor of 2159 and 1143?
127
Calculate the greatest common divisor of 1008 and 39564.
252
Calculate the greatest common divisor of 109516 and 8.
4
What is the highest common factor of 5343 and 13289?
137
What is the highest common factor of 63552 and 1655?
331
What is the highest common factor of 4582396 and 364?
364
What is the greatest common divisor of 6765 and 231495?
165
Calculate the greatest common factor of 140 and 1551260.
20
What is the greatest common factor of 28 and 20170444?
28
Calculate the highest common factor of 185159 and 39.
13
Calculate the highest common divisor of 24417 and 54.
9
What is the highest common factor of 170146 and 241?
241
What is the highest common factor of 52 and 4296?
4
What is the greatest common divisor of 1178104 and 16?
8
Calculate the highest common factor of 541053 and 348.
87
Calculate the greatest common factor of 177 and 303673.
59
What is the highest common factor of 8 and 85208?
8
Calculate the greatest common divisor of 585 and 842895.
45
Calculate the highest common divisor of 11275 and 4950.
275
What is the greatest common divisor of 1024 and 640?
128
Calculate the highest common divisor of 19738 and 278.
278
What is the highest common divisor of 286678 and 28?
14
What is the greatest common divisor of 793 and 2691?
13
Calculate the highest common factor of 81720 and 1080.
360
What is the greatest common factor of 113 and 978919?
113
Calculate the highest common divisor of 1352 and 80.
8
Calculate the highest common factor of 455 and 754.
13
Calculate the highest common divisor of 80 and 20304.
16
Calculate the highest common factor of 33 and 967241.
11
What is the highest common divisor of 9690 and 1368228?
1938
Calculate the highest common divisor of 13980 and 135.
15
Calculate the greatest common factor of 1694 and 56386.
242
What is the greatest common factor of 2229200 and 48?
16
What is the highest common divisor of 102 and 43282?
34
Calculate the highest common factor of 13390 and 824.
206
Calculate the greatest common divisor of 26403 and 624.
39
What is the greatest common divisor of 135 and 41202?
27
What is the highest common divisor of 184526 and 1542?
514
Calculate the greatest common divisor of 51211 and 581.
83
What is the greatest common factor of 20657 and 403?
13
What is the highest common divisor of 1001891 and 11?
11
What is the highest common factor of 50 and 978125?
25
Calculate the greatest common factor of 4348 and 5.
1
What is the greatest common divisor of 2618 and 28050?
374
What is the greatest common factor of 417274 and 286?
286
What is the highest common divisor of 70035 and 1827?
609
Calculate the greatest common divisor of 178 and 2611171.
89
Calculate the greatest common factor of 88 and 751.
1
Calculate the greatest common divisor of 36 and 19296.
36
Calculate the greatest common divisor of 804 and 1478154.
402
What is the greatest common divisor of 216 and 21852?
36
What is the greatest common divisor of 17 and 1309799?
17
Calculate the greatest common divisor of 5056 and 1088.
64
Calculate the highest common divisor of 10 and 2502.
2
What is the greatest common factor of 13735 and 23115?
335
Calculate the highest common divisor of 56475 and 18.
9
What is the greatest common divisor of 1394 and 17671?
41
Calculate the highest common divisor of 60275 and 25.
25
Calculate the greatest common factor of 162208 and 16.
16
What is the greatest common factor of 744 and 2100?
12
What is the highest common divisor of 1139 and 40535?
67
Calculate the greatest common factor of 163280 and 240.
80
What is the highest common factor of 184824 and 408?
408
What is the greatest common factor of 733 and 12320997?
733
What is the greatest common factor of 45331 and 539?
11
What is the highest common divisor of 12423 and 5289?
123
Calculate the highest common divisor of 13 and 735787.
13
What is the highest common divisor of 2082500 and 350?
350
Calculate the greatest common factor of 8230 and 490.
10
Calculate the greatest common divisor of 91 and 450905.
91
What is the greatest common divisor of 156160 and 368928?
1952
Calculate the greatest common divisor of 40092 and 23901.
771
Calculate the greatest common divisor of 172 and 1338934.
86
Calculate the greatest common factor of 11832 and 5307.
87
What is the highest common factor of 34086 and 2330958?
2622
What is the greatest common divisor of 168 and 103152?
168
What is the highest common factor of 715 and 41635?
55
Calculate the greatest common factor of 300 and 390900.
300
Calculate the highest common factor of 167200 and 14784.
352
Calculate the highest common divisor of 171 and 95817.
57
Calculate the greatest common factor of 1113 and 3233.
53
What is the highest common divisor of 139636 and 154?
14
Calculate the greatest common divisor of 1508 and 49996.
116
Calculate the highest common factor of 1352 and 2152.
8
Calculate the highest common factor of 170128 and 1302.
434
Calculate the greatest common factor of 189246 and 18.
6
Calculate the greatest common factor of 97 and 1069037.
97
What is the highest common divisor of 24 and 646920?
24
What is the greatest common factor of 509166 and 13986?
378
Calculate the greatest common factor of 26289751 and 59.
59
Calculate the highest common divisor of 48 and 2952408.
24
Calculate the greatest common divisor of 1716 and 1364649.
429
Calculate the highest common factor of 63 and 58107.
21
Calculate the highest common factor of 358094 and 9528.
794
Calculate the greatest common divisor of 1764 and 14059080.
1764
Calculate the highest common divisor of 36 and 1280.
4
Calculate the highest common divisor of 3215 and 995.
5
Calculate the greatest common divisor of 44 and 49687.
11
What is the greatest common divisor of 44 and 302874?
22
What is the highest common divisor of 485586 and 2703?
159
Calculate the greatest common divisor of 7950795 and 2190.
1095
Calculate the greatest common divisor of 230 and 380075.
115
Calculate the highest common divisor of 3990 and 1540.
70
What is the greatest common divisor of 7352121 and 994?
497
What is the greatest common divisor of 1032 and 7353?
129
Calculate the highest common divisor of 124 and 382106.
62
Calculate the highest common factor of 2736 and 423.
9
Calculate the greatest common factor of 4530 and 210.
30
Calculate the highest common divisor of 731676 and 528.
132
What is the greatest common divisor of 12812 and 176?
4
Calculate the greatest common factor of 1240 and 268925.
155
Calculate the greatest common factor of 10 and 152770.
10
Calculate the highest common divisor of 33 and 2861221.
11
What is the greatest common factor of 726 and 3446?
2
What is the greatest common factor of 148 and 2701?
37
Calculate the highest common factor of 52 and 57148.
52
What is the greatest common divisor of 12908 and 154?
14
What is the greatest common factor of 40 and 5228?
4
What is the greatest common factor of 2000 and 9750?
250
Calculate the greatest common divisor of 304841 and 3345.
223
What is the greatest common factor of 8 and 11944?
8
What is the highest common factor of 880 and 3220?
20
Calculate the greatest common factor of 62760 and 3630.
30
What is the greatest common divisor of 538522 and 16928?
1058
Calculate the greatest common factor of 6294 and 138.
6
Calculate the greatest common factor of 142155 and 8190.
585
What is the greatest common factor of 15 and 535935?
15
Calculate the greatest common factor of 5824 and 504.
56
Calculate the greatest common divisor of 5160 and 31347.
129
What is the greatest common factor of 23974594 and 74?
74
What is the highest common factor of 66208 and 32?
32
Calculate the greatest common divisor of 3072 and 2496.
192
Calculate the highest common factor of 874 and 1357.
23
Calculate the greatest common factor of 4392 and 305.
61
What is the highest common divisor of 45 and 93605?
5
What is the highest common divisor of 240 and 19740?
60
Calculate the greatest common factor of 2144 and 264.
8
Calculate the greatest common factor of 31 